y 62.
55
What is the remainder when 1230 is divided by 113?
100
What is the remainder when 188 is divided by 64?
60
Calculate the remainder when 1373 is divided by 6.
5
What is the remainder when 217 is divided by 107?
3
What is the remainder when 1534 is divided by 67?
60
Calculate the remainder when 129 is divided by 10.
9
Calculate the remainder when 186 is divided by 73.
40
Calculate the remainder when 54 is divided by 30.
24
Calculate the remainder when 879 is divided by 21.
18
What is the remainder when 1707 is divided by 19?
16
What is the remainder when 57 is divided by 16?
9
Calculate the remainder when 64 is divided by 37.
27
Calculate the remainder when 709 is divided by 10.
9
What is the remainder when 524 is divided by 123?
32
What is the remainder when 429 is divided by 56?
37
What is the remainder when 146 is divided by 32?
18
Calculate the remainder when 556 is divided by 31.
29
What is the remainder when 1102 is divided by 41?
36
What is the remainder when 13207 is divided by 259?
257
What is the remainder when 1507 is divided by 83?
13
Calculate the remainder when 391 is divided by 63.
13
What is the remainder when 548 is divided by 25?
23
Calculate the remainder when 99 is divided by 10.
9
What is the remainder when 698 is divided by 54?
50
Calculate the remainder when 589 is divided by 146.
5
Calculate the remainder when 1131 is divided by 52.
39
What is the remainder when 3626 is divided by 39?
38
Calculate the remainder when 331 is divided by 46.
9
What is the remainder when 21 is divided by 8?
5
Calculate the remainder when 156 is divided by 18.
12
What is the remainder when 147 is divided by 53?
41
Calculate the remainder when 116 is divided by 12.
8
What is the remainder when 2555 is divided by 30?
5
Calculate the remainder when 334 is divided by 4.
2
Calculate the remainder when 636 is divided by 170.
126
Calculate the remainder when 499 is divided by 75.
49
Calculate the remainder when 290 is divided by 25.
15
Calculate the remainder when 808 is divided by 267.
7
What is the remainder when 212 is divided by 22?
14
What is the remainder when 228 is divided by 145?
83
What is the remainder when 523 is divided by 248?
27
What is the remainder when 4380 is divided by 102?
96
Calculate the remainder when 3234 is divided by 404.
2
Calculate the remainder when 191 is divided by 91.
9
What is the remainder when 4753 is divided by 26?
21
Calculate the remainder when 13904 is divided by 38.
34
Calculate the remainder when 623 is divided by 13.
12
What is the remainder when 1205 is divided by 9?
8
Calculate the remainder when 1834 is divided by 600.
34
Calculate the remainder when 303 is divided by 16.
15
What is the remainder when 1677 is divided by 58?
53
What is the remainder when 82009 is divided by 139?
138
What is the remainder when 94 is divided by 84?
10
Calculate the remainder when 3042 is divided by 179.
178
Calculate the remainder when 340 is divided by 25.
15
Calculate the remainder when 323 is divided by 169.
154
Calculate the remainder when 44 is divided by 32.
12
Calculate the remainder when 3711 is divided by 116.
115
Calculate the remainder when 50 is divided by 45.
5
Calculate the remainder when 108 is divided by 37.
34
Calculate the remainder when 14223 is divided by 14.
13
What is the remainder when 2063 is divided by 86?
85
What is the remainder when 201 is divided by 31?
15
Calculate the remainder when 150 is divided by 139.
11
What is the remainder when 406 is divided by 12?
10
What is the remainder when 99 is divided by 25?
24
Calculate the remainder when 196 is divided by 11.
9
Calculate the remainder when 1214 is divided by 76.
74
What is the remainder when 1383 is divided by 43?
7
What is the remainder when 440 is divided by 29?
5
What is the remainder when 1280 is divided by 143?
136
What is the remainder when 3064 is divided by 59?
55
What is the remainder when 390 is divided by 83?
58
Calculate the remainder when 4863 is divided by 64.
63
What is the remainder when 324 is divided by 184?
140
What is the remainder when 265 is divided by 40?
25
What is the remainder when 280 is divided by 54?
10
Calculate the remainder when 96 is divided by 26.
18
What is the remainder when 300 is divided by 22?
14
Calculate the remainder when 27 is divided by 13.
1
What is the remainder when 1014 is divided by 29?
28
Calculate the remainder when 61 is divided by 29.
3
What is the remainder when 1582 is divided by 44?
42
Calculate the remainder when 707 is divided by 295.
117
Calculate the remainder when 575 is divided by 147.
134
What is the remainder when 194 is divided by 25?
19
Calculate the remainder when 117 is divided by 12.
9
What is the remainder when 15174 is divided by 33?
27
What is the remainder when 542 is divided by 37?
24
Calculate the remainder when 213 is divided by 27.
24
Calculate the remainder when 2882 is divided by 1439.
4
What is the remainder when 451 is divided by 19?
14
What is the remainder when 3311 is divided by 46?
45
What is the remainder when 81 is divided by 50?
31
What is the remainder when 265 is divided by 107?
51
What is the remainder when 14615 is divided by 21?
20
Calculate the remainder when 1877 is divided by 146.
125
What is the remainder when 119 is divided by 29?
3
Calculate the remainder when 54 is divided by 29.
25
Calculate the remainder when 41 is divided by 11.
8
What is the remainder when 735 is divided by 137?
50
What is the remainder when 4690 is divided by 937?
5
What is the remainder when 41 is divided by 8?
1
What is the remainder when 2512 is divided by 29?
18
What is the remainder when 898 is divided by 151?
143
Calculate the remainder when 259 is divided by 252.
7
What is the remainder when 295 is divided by 111?
73
What is the remainder when 756 is divided by 23?
20
Calculate the remainder when 557 is divided by 44.
29
Calculate the remainder when 62 is divided by 17.
11
Calculate the remainder when 1597 is divided by 322.
309
What is the remainder when 3484 is divided by 14?
12
Calculate the remainder when 21 is divided by 13.
8
Calculate the remainder when 69 is divided by 12.
9
What is the remainder when 28 is divided by 5?
3
What is the remainder when 1854 is divided by 227?
38
Calculate the remainder when 278 is divided by 53.
13
What is the remainder when 47 is divided by 24?
23
Calculate the remainder when 658 is divided by 66.
64
What is the remainder when 3774 is divided by 135?
129
What is the remainder when 488 is divided by 144?
56
What is the remainder when 164 is divided by 22?
10
What is the remainder when 942 is divided by 13?
6
Calculate the remainder when 59 is divided by 20.
19
Calculate the remainder when 356 is divided by 90.
86
Calculate the remainder when 1231 is divided by 378.
97
Calculate the remainder when 1189 is divided by 92.
85
What is the remainder when 293 is divided by 3?
2
Calculate the remainder when 70548 is divided by 425.
423
What is the remainder when 6460 is divided by 40?
20
Calculate the remainder when 14678 is divided by 40.
38
What is the remainder when 16 is divided by 4?
0
What is the remainder when 324 is divided by 107?
3
Calculate the remainder when 5532 is divided by 1104.
12
What is the remainder when 3478 is divided by 60?
58
Calculate the remainder when 265 is divided by 14.
13
Calculate the remainder when 83 is divided by 36.
11
Calculate the remainder when 168 is divided by 19.
16
Calculate the remainder when 77 is divided by 33.
11
What is the remainder when 548 is divided by 115?
88
Calculate the remainder when 581 is divided by 166.
83
Calculate the remainder when 61 is divided by 3.
1
Calculate the remainder when 6988 is divided by 233.
231
What is the remainder when 147 is divided by 51?
45
Calculate the remainder when 109 is divided by 23.
17
What is the remainder when 228 is divided by 64?
36
Calculate the remainder when 798 is divided by 100.
98
What is the remainder when 769 is divided by 254?
7
Calculate the remainder when 205 is divided by 38.
15
Calculate the remainder when 366 is divided by 31.
25
What is the remainder when 438 is divided by 111?
105
Calculate the remainder when 97 is divided by 24.
1
What is the remainder when 140 is divided by 24?
20
Calculate the remainder when 288 